be the first derivative of 17*u**4/4 - u**3/3 - u**2/2 + u - 3. What are the prime factors of s(1)?
2
Let u = 49 + -583. List the prime factors of (-2)/(-7) - u/42.
13
Suppose 0 = 4*l - 5*x - 1, -x = 4*l - 16 - 3. Suppose -l*o + 25 + 75 = 0. List the prime factors of o.
5
Let i(o) = -o**2 - 17*o - 34. What are the prime factors of i(-14)?
2
Let t(i) = 3*i + 3. Let p be t(-3). Let l be (-80)/(-3)*(-9)/p. Suppose 3*m - 3*j + 0*j - 48 = 0, -3*m + j = -l. What are the prime factors of m?
2, 3
Suppose 10*y + 109 = 11*y. What are the prime factors of y?
109
Let r = 15 + 15. Suppose -d - d = -r. What are the prime factors of d?
3, 5
Let r be (-1)/3*-4*-3. Let i(u) = 3*u**2 + 6*u + 6. What are the prime factors of i(r)?
2, 3, 5
Let n(x) = x**2 - x + 4. Let q be n(0). Let z(d) = d**2. Let r be z(0). Suppose r = -5*a - 2*b + 25, -q*b + 15 = a + 4*a. What are the prime factors of a?
7
Suppose -5*u = 0, -3*c = -2*u - 28 - 8. List the prime factors of c.
2, 3
Let j = -76 + 122. List the prime factors of j.
2, 23
Let n be -1*(1 - 21*-3). List the prime factors of (-3)/2*n/3.
2
Let b(z) = -z**2 + z + 3. Let v be b(3). Let m be (-4)/(-14) - (-2)/(-7). What are the prime factors of (m - (v + 1)) + 10?
2, 3
Suppose -3*x + 0*t = -2*t + 21, 0 = 5*t. What are the prime factors of (-2)/x - 384/(-28)?
2, 7
Let r(s) = -12*s - 27. What are the prime factors of r(-6)?
3, 5
Suppose 3*l - 6 = 69. Suppose -3*y - 40 = -m + 2*y, 0 = 5*y + l. List the prime factors of m.
3, 5
Suppose -10 + 26 = -2*b. Let c be -3*11/6*-2. Let q = c + b. List the prime factors of q.
3
Suppose -7*f + 2*f + 50 = -3*r, -4*r = 3*f - 30. Let n = 23 - f. List the prime factors of n.
13
Let l(o) = o**2 + 12*o + 9. Let y(m) = -m. Let r(n) = l(n) - y(n). Let a be r(-13). What are the prime factors of 4 + a + 3/(-1)?
2, 5
Let g = 220 + -147. What are the prime factors of g?
73
Suppose -4*c + 4*j = 2*j - 16, 14 = 3*c - 2*j. What are the prime factors of c?
2
Let g = -5 + 5. Let x be (g + -1)/(1/(-2)). List the prime factors of 288/21 + x/7.
2, 7
Let t(z) = z**2 - 7*z + 2. Let y be t(7). Suppose 0*h = -y*b + 2*h + 54, -5*b + 4*h = -132. What are the prime factors of b?
2, 3
Let m(u) = -38*u**3 + u**2 - u - 2. What are the prime factors of m(-1)?
2, 19
Let f = -21 - -19. What are the prime factors of f/(-6)*3 + 17?
2, 3
Suppose -v + 3*g + 2 = -3*v, 6 = -3*g. Suppose 54 = v*z + 2*o + 18, -o = -z + 20. List the prime factors of z.
19
Suppose -3*j - 2*y = -13, 3*j + 0*y = y + 16. Suppose -3*v - 16 = -j*t + 9, 2*v - t = -19. Let d = v + 22. What are the prime factors of d?
2, 3
Let f = 197 - 103. List the prime factors of f.
2, 47
Let h be 2/5 - (-21)/35. Let a = h - 3. Let i = a + 4. What are the prime factors of i?
2
Suppose g + 4*x = 2*g - 50, -2*x - 6 = 0. List the prime factors of g.
2, 19
Suppose -4*t = -84 - 16. List the prime factors of t.
5
Suppose 11*v - 691 - 970 = 0. What are the prime factors of v?
151
Let q = 3 + -17. Let x = 10 - q. What are the prime factors of x?
2, 3
Let w(k) = -2*k - 5. Let y be w(-5). Suppose -3*a - 5*d + 145 = 0, -d = -y*a - 2*d + 271. What are the prime factors of a?
5, 11
Let w = 55 + 18. List the prime factors of w.
73
List the prime factors of ((-6)/16*-22)/((-48)/(-640)).
2, 5, 11
Let j(u) = -u**2 - 14*u - 1. List the prime factors of j(-8).
47
Let q = -33 - -45. What are the prime factors of q?
2, 3
Let i = -21 - -24. Suppose -i*l + 39 = 3*d, -48 = -0*d - 4*d - 5*l. What are the prime factors of d?
17
Let y(o) be the first derivative of -o**3/3 - 3*o**2 + 2*o - 2. Let k = 1 - 6. List the prime factors of y(k).
7
Let h = 56 - 1. List the prime factors of h.
5, 11
Let q be 1/2 - 1/(-2). What are the prime factors of -3*22/(-6) + q?
2, 3
Let r = -60 + 163. What are the prime factors of r?
103
Suppose 5*t - t + 2 = c, 4*t - 4 = -2*c. Suppose t = 3*h - 42 - 30. Suppose 64 - h = 4*o. What are the prime factors of o?
2, 5
List the prime factors of (2 + 3)*9/9.
5
Let d = 13 + -10. Suppose -t + 56 = d*t. What are the prime factors of t?
2, 7
List the prime factors of 40 - (-5)/(15/12).
2, 11
Let c(j) = -j + 55. List the prime factors of c(-27).
2, 41
Let g(o) = 5*o**2 + 10*o - 13. List the prime factors of g(7).
2, 151
Suppose 2*h - 2*g - 74 - 352 = 0, 207 = h + g. What are the prime factors of h?
2, 3, 5, 7
Let b(s) be the second derivative of -s**5/20 + 7*s**4/12 - 7*s**3/6 + 2*s. Let n be b(6). List the prime factors of n/((-12)/(-9) + -2).
3
Let w be (-20)/6 - 1/(-3). Let z(i) = 2*i**2 + 2*i - 4. List the prime factors of z(w).
2
Suppose 176 = -2*l + 2*u + 604, l = -u + 208. What are the prime factors of l?
211
Suppose y = 5*y - 32. List the prime factors of y.
2
Let j = 8 - 6. Suppose -y + j = y - z, -2*y = 2*z + 4. Suppose -t + 11 = -y*t. What are the prime factors of t?
11
Let r = -103 - -138. What are the prime factors of r?
5, 7
Let s = 3 + -4. Let f be s*0/(-2 - -3). Let q(k) = k + 13. List the prime factors of q(f).
13
Suppose -2*f + 60 = -0*f - 2*p, -2 = p. List the prime factors of f.
2, 7
Suppose 3*b - 33 = -3*k - 0*k, -3*k - 39 = -5*b. Suppose -b = -5*v + 31. List the prime factors of v.
2
Let k = 51 - -19. List the prime factors of k.
2, 5, 7
Let b(i) = 12*i - 23. What are the prime factors of b(12)?
11
List the prime factors of ((-3)/(-3) - 3) + 190.
2, 47
Suppose 2*h - 5*u = -20, -8*h - 3*u + 12 = -4*h. Let a be (-1 + h)*(2 - 3). Suppose -4*k = -11 - a. What are the prime factors of k?
3
Suppose -5*t + 74 = -191. Suppose 2*p = z + 25, -4*p + 7*z = 2*z - t. List the prime factors of p.
2, 3
Let p(t) = -t**2 + 14*t - 16. Let n be p(13). Let f(d) = -8*d - 4. List the prime factors of f(n).
2, 5
Suppose -3*x + 6*x - 9 = 0. Let j be 1*2/(-2) - x. What are the prime factors of 3/j + (-156)/(-16)?
3
Suppose 23 = -5*k + 3. Let x(t) = 3*t**2 + 6*t. What are the prime factors of x(k)?
2, 3
Let b = -11 + 13. Suppose 29 - 95 = -b*p. List the prime factors of p.
3, 11
Let h(j) = -j - 1. Let m(o) = 4*o + 2. Let d(i) = -5*h(i) - m(i). Let q be d(-3). Suppose 5*v - 27 - 3 = q. What are the prime factors of v?
2, 3
Suppose 0 = -t + 1, -3*i - i = -2*t - 18. Let b be 39 + 5/(i/2). Suppose -2*w + 5*m = -25, 2*w - 4*m - b = -w. List the prime factors of w.
3, 5
Let i = 18 - 14. What are the prime factors of i?
2
Let z be -8*(-1 - 0)*1. Let x(l) = 9 - 17 - l**3 + l + l - 4*l**2 + 12*l**2. List the prime factors of x(z).
2
Let v = 257 - 180. What are the prime factors of v?
7, 11
Let w(p) = -15*p + 5. Let h be w(-6). Let s = -45 + h. What are the prime factors of s?
2, 5
Let r = -2 + 8. Let h(k) = 2 + 0*k + 0*k + k. List the prime factors of h(r).
2
Suppose -a - 2 = -3*a. What are the prime factors of 39 - (3 - 1/a)?
37
Let u = -2 - -4. Suppose o - 4 = 2*x, u*o + 3*x + 2*x = 44. What are the prime factors of o?
2, 3
List the prime factors of (8*1)/(12/6).
2
Let s = 25 + 20. Suppose -6*c = -c - s. What are the prime factors of c?
3
Let q = -6 + 10. Suppose 5*m - 30 = q*m. List the prime factors of m.
2, 3, 5
Let r(q) = -q**3 - 6*q**2 - 2*q - 4. What are the prime factors of r(-6)?
2
Let w be (4/6)/(14/105). Suppose w*l - 108 = 22. List the prime factors of l.
2, 13
What are the prime factors of 7/21*(-2 + 32)?
2, 5
Let z(w) = 22*w**2 - 2*w + 1. Let u be z(1). Suppose 0 = -0*i - i + u. What are the prime factors of i?
3, 7
Let o(x) = -x**2 + 6*x - 7. Let k be o(6). Suppose -2*v - 6 = -32. Let s = v + k. List the prime factors of s.
2, 3
Suppose z = -2*u + 2, -4 = 3*u - 0*u - 2*z. Suppose 2*w - 5*g - 45 = u, -g = -2*w + 2*g + 35. List the prime factors of ((-4)/w)/(4/(-80)).
2
Suppose -5*b - 20 = 0, 0 = -5*z - 5*b - 22 - 8. List the prime factors of (39/6)/(-1)*z.
13
Let o be 1*-1 - (-124 + 5). What are the prime factors of 6/24 - o/(-8)?
3, 5
Let d = -14 + 18. What are the prime factors of d?
2
Suppose -5*x + 7 = 5*u - 18, 4*u - 4*x = 4. Suppose -46 = -5*i - g, u*g - 4 + 16 = 0. List the prime factors of i.
2, 5
Let p be 141/12 - (-2)/8. Let b be 9/4 - 3/p. Suppose -48 = -b*m - 2*m. What are the prime factors of m?
2, 3
Suppose -3*a = -0*a - 15. Suppose 0*k + 52 = 2*k - 4*d, -a*d = -4*k + 95. List the prime factors of k.
2, 5
Let u(x) = -x + 12. Let z be u(6). Suppose -3*n = -4*q + 35, 3*q - 4*n + z*n - 5 = 0. Suppose -q + 29 = 3*h. List the prime factors of h.
2
Suppose -5*a =